93288.
184
What is the greatest common factor of 142 and 52726801?
71
What is the highest common divisor of 221057 and 11961?
443
Calculate the greatest common divisor of 9744 and 53824.
464
Calculate the highest common divisor of 600 and 3760230.
30
What is the highest common factor of 696439 and 765?
17
What is the greatest common divisor of 2052 and 984656?
76
Calculate the greatest common divisor of 14550 and 16279704.
582
What is the greatest common factor of 1055358 and 72?
18
What is the highest common factor of 33918 and 22?
2
What is the highest common divisor of 8392056 and 61364?
2116
What is the highest common factor of 1986 and 20403171?
993
What is the greatest common factor of 3298738 and 8?
2
Calculate the greatest common factor of 13008 and 102893551.
271
Calculate the greatest common factor of 34873618 and 78.
26
Calculate the greatest common divisor of 37980 and 44523110.
2110
Calculate the greatest common factor of 75258799 and 3190.
319
What is the highest common divisor of 19227799 and 17?
17
Calculate the highest common factor of 1479 and 22615563.
87
What is the greatest common factor of 551696192 and 5224?
5224
Calculate the greatest common factor of 49672 and 38094.
14
Calculate the greatest common divisor of 8569800 and 24863.
529
Calculate the highest common divisor of 1975 and 6298045900.
1975
Calculate the greatest common divisor of 343 and 112078043.
49
Calculate the greatest common factor of 11870781 and 25917.
159
Calculate the highest common divisor of 52 and 103552410.
26
Calculate the greatest common factor of 1428 and 59825244.
204
What is the greatest common divisor of 1355550 and 5700?
150
Calculate the greatest common factor of 22021 and 250534.
361
Calculate the greatest common divisor of 2261732 and 176.
44
Calculate the greatest common divisor of 10837199 and 264923.
6161
What is the greatest common divisor of 2320671730 and 430?
430
Calculate the greatest common factor of 52506701 and 4537.
4537
Calculate the greatest common divisor of 9381 and 41241.
177
Calculate the greatest common factor of 198 and 2659266.
18
Calculate the greatest common factor of 1185626 and 520.
26
Calculate the greatest common factor of 20986720 and 812.
116
What is the highest common divisor of 202240 and 135090?
790
Calculate the greatest common divisor of 3666 and 594004424.
1222
What is the greatest common divisor of 8103501 and 18?
9
What is the highest common divisor of 404355359 and 3268?
817
What is the greatest common divisor of 208 and 4145752?
104
Calculate the greatest common divisor of 790930362 and 534.
534
Calculate the highest common divisor of 12922 and 4680130.
182
Calculate the highest common divisor of 35032043 and 73.
73
Calculate the greatest common factor of 37309456 and 265.
53
Calculate the highest common divisor of 44954280 and 1995.
105
What is the highest common divisor of 2317 and 4722377?
331
What is the highest common divisor of 11700272 and 6?
2
What is the highest common divisor of 1468735338 and 84?
42
Calculate the highest common factor of 394237 and 924883.
1499
What is the highest common factor of 122 and 62546228?
122
Calculate the highest common divisor of 1596 and 8237355.
399
Calculate the greatest common factor of 6372 and 9170370.
1062
Calculate the greatest common factor of 19834 and 112753.
47
Calculate the greatest common divisor of 525 and 9001440.
105
What is the greatest common factor of 153 and 52664232?
51
What is the highest common factor of 272740 and 3965?
65
What is the highest common divisor of 602654 and 24858586?
3566
Calculate the greatest common factor of 959686 and 38402.
182
Calculate the highest common divisor of 27446127 and 1146.
573
Calculate the highest common factor of 101753951 and 39.
13
Calculate the highest common divisor of 1753101 and 3033.
9
What is the highest common factor of 18976 and 41389028?
2372
Calculate the greatest common factor of 53573 and 2809287.
169
What is the greatest common factor of 29685 and 15705?
15
What is the highest common divisor of 1183111 and 584?
73
What is the greatest common divisor of 234150 and 91?
7
What is the highest common divisor of 770150 and 425225?
1825
What is the greatest common divisor of 6834362 and 764?
382
What is the highest common divisor of 694 and 8706?
2
Calculate the greatest common factor of 140285701 and 179.
179
Calculate the greatest common divisor of 17211777 and 11.
11
Calculate the highest common factor of 775480 and 1500.
20
What is the greatest common divisor of 11198349 and 873?
9
Calculate the highest common divisor of 9486 and 209984.
34
Calculate the highest common divisor of 8061 and 18807.
3
What is the highest common divisor of 1265846 and 9?
1
What is the highest common divisor of 243980 and 6050?
110
Calculate the greatest common factor of 18162224 and 1414.
202
Calculate the greatest common divisor of 8532 and 1539868.
316
Calculate the greatest common factor of 335082 and 4000676.
10154
Calculate the greatest common divisor of 1356 and 11968508.
452
What is the greatest common divisor of 66655080 and 360?
360
Calculate the greatest common divisor of 2173 and 36660683.
2173
What is the greatest common divisor of 51 and 1824393?
3
Calculate the highest common factor of 14 and 66541139.
7
What is the highest common factor of 2337 and 18884805?
123
What is the greatest common factor of 4938822 and 8379?
1197
What is the greatest common divisor of 89073 and 3506837?
3299
What is the highest common factor of 8748 and 8132724?
2916
Calculate the greatest common factor of 25783088 and 3620.
724
Calculate the highest common divisor of 12858304 and 620.
124
Calculate the highest common divisor of 30349116 and 37848.
996
Calculate the greatest common divisor of 1103025 and 23.
1
What is the highest common factor of 414772 and 2522?
194
Calculate the greatest common divisor of 19904 and 35280.
16
What is the greatest common divisor of 6171 and 187000?
187
Calculate the highest common divisor of 4116816 and 336.
48
What is the greatest common divisor of 3128 and 31688?
136
Calculate the greatest common factor of 3285689 and 4345.
869
What is the highest common factor of 451885350 and 490?
490
What is the greatest common factor of 485 and 125285?
5
Calculate the greatest common divisor of 101773 and 187327.
49
Calculate the highest common divisor of 141531 and 47239075.
2483
What is the greatest common divisor of 656 and 637544?
8
What is the highest common divisor of 184980 and 40680?
60
Calculate the highest common divisor of 137151 and 19600.
49
Calculate the greatest common factor of 4279050 and 558.
18
Calculate the greatest common factor of 229890 and 62805.
1185
Calculate the highest common divisor of 2817 and 4615209.
9
What is the greatest common divisor of 34398 and 2810106?
702
What is the highest common divisor of 3984605045 and 95?
95
What is the highest common factor of 9119 and 105801125?
829
What is the highest common factor of 395853336 and 120?
24
What is the greatest common factor of 17557049 and 29265?
1951
Calculate the greatest common divisor of 738 and 9724257.
369
What is the highest common divisor of 6068582 and 221?
13
Calculate the greatest common factor of 24 and 4407608.
8
Calculate the highest common factor of 98298 and 138374.
86
What is the highest common divisor of 15 and 99019740?
15
What is the greatest common divisor of 1 and 41094783?
1
Calculate the greatest common factor of 4067195 and 843150.
4015
Calculate the greatest common divisor of 2 and 10843181.
1
Calculate the greatest common factor of 2412 and 89637558.
402
Calculate the highest common factor of 1095425 and 4400.
25
What is the greatest common factor of 51584 and 12233728?
1664
What is the greatest common factor of 2965 and 12904273?
593
What is the highest common divisor of 71662699 and 8638?
617
What is the greatest common divisor of 118 and 13838037?
59
What is the highest common factor of 20107795 and 95?
95
What is the highest common divisor of 2172 and 32190126?
1086
Calculate the greatest common factor of 1808464 and 5208.
56
What is the greatest common factor of 159259825 and 50?
25
What is the highest common factor of 23287056 and 13065?
2613
What is the greatest common divisor of